{"id":85,"date":"2019-11-25T23:29:59","date_gmt":"2019-11-25T22:29:59","guid":{"rendered":"https:\/\/braunwein.de\/gastezimmer\/umgebung-und-ausflugstipps\/"},"modified":"2020-05-21T22:53:27","modified_gmt":"2020-05-21T20:53:27","slug":"umgebung-und-ausflugstipps","status":"publish","type":"page","link":"https:\/\/braunwein.de\/?page_id=85","title":{"rendered":"Umgebung"},"content":{"rendered":"<div class=\"art-content-layout\">\n<div class=\"art-content-layout-row\">\n<div class=\"art-layout-cell layout-item-0\" style=\"width: 100%\">\n<h3>Umgebung und Ausflugstipps!<\/h3>\n<\/div>\n<\/div>\n<\/div>\n<div class=\"art-content-layout\">\n<div class=\"art-content-layout-row\">\n<div class=\"art-layout-cell\" style=\"width: 100%\">\n<p><span style=\"font-weight: bold;\"><span style=\"font-style: italic; font-size: 16px; color: rgb(67, 67, 67); text-decoration: underline;\"><br \/>\n<\/span><\/span><\/p>\n<p><span style=\"font-weight: bold;\"><span style=\"font-style: italic; font-size: 16px; color: rgb(67, 67, 67); text-decoration: underline;\">Nordheim &#8211; Franken und den Wein entdecken<\/span><\/span><\/p>\n<p>Nordheim ist die gr\u00f6\u00dfte weinbaubetreibende Gemeinde in Franken. Die Verbundenheit des Ortes mit seinen Weinen kann man hier an jeder Ecke sp\u00fcren. Zahlreiche Gasth\u00e4user, Heckenwirtschaften, Weinfeste und Weinerlebnistouren laden hier an der Mainschleife auf der Weininsel zum Feiern und verweilen ein. Hier sind die G\u00e4ste herzlich Willkommen und k\u00f6nnen ihren Wein direkt dort genie\u00dfen, wo er w\u00e4chst.<\/p>\n<p>Ein attraktiver Anziehungspunkt &#8211; gerade auch im Sommer &#8211; ist das Mainufer mit dem Inselstrand und seinen Strandk\u00f6rben, wo es sich bei herrlichem Blick auf die Vogelsburg und die Mainf\u00e4hre in wundersch\u00f6nem Ambiente entspannen l\u00e4sst. Der Main l\u00e4dt zum Schwimmen, Schlauchboot &nbsp;oder Kanu fahren ein. Auch der Spielplatz ist hier in unmittelbarer N\u00e4he zu finden.<\/p>\n<p>Entdecken Sie die Mainschleife mit dem Schiff, Kanu, per Flo\u00df, der Mainschleifenbahn, per Fahrrad auf der Mainschleifen-Tour oder einfach zu Fu\u00df bei einer Wanderung durch die Weinberge und Obstfelder. Mit dem Mainschleifen-Shuttlebus k\u00f6nnen Sie von Anfang Mai bis Anfang Oktober auch bequem die Orte um die Mainschleife erreichen und erleben.<\/p>\n<p>Nordheim ist der ideale Ausgangspunkt f\u00fcr Ausfl\u00fcge nach W\u00fcrzburg, Bamberg, Rothenburg ob der Tauber oder einfach die wundersch\u00f6ne Landschaft um die Mainschleife mit der Weininsel, Volkach, der Hallburg und der Vogelsburg.<\/p>\n<p><img fetchpriority=\"high\" decoding=\"async\" width=\"500\" height=\"375\" class=\"art-lightbox\" alt=\"\" src=\"https:\/\/braunwein.de\/wp-content\/uploads\/2019\/11\/Baum_Vogelsburg.jpg\"><\/p>\n<p><span style=\"font-weight: bold; font-style: italic; font-size: 16px; color: rgb(67, 67, 67); text-decoration: underline;\">W\u00fcrzburg<\/span><\/p>\n<p>&#8211; Festung Marienberg &#8211; ein eindruckvolles Baudenkmal aus alter Zeit<\/p>\n<p>&#8211; Residenz &#8211; UNESCO Weltkulturerbe &#8211; eines der bedeutendsten Schl\u00f6sser Europas<\/p>\n<p>&#8211; K\u00e4ppele &#8211; die Wallfahrtskirche auf dem Nikolausberg, zu dessen F\u00fc\u00dfen gibt es einen malerischen Stationsweg mit 14 Kapellen<\/p>\n<p>&#8211; Alte Mainbr\u00fccke<\/p>\n<p>&#8211; Theater, Museen, Schifffahrten, Kino, Indoor-Spielplatz<\/p>\n<p>Viele F\u00fchrungen f\u00fcr <span style=\"text-decoration: underline;\">Erwachsene und auch Kinder<\/span> z. B.<\/p>\n<p>verschiedene Stadtf\u00fchrungen wie beispielsweise Nachtw\u00e4chterf\u00fchrung, F\u00fchrungen in Residenz und auf der Festung Marienberg<\/p>\n<p><span style=\"font-weight: bold; font-style: italic; font-size: 16px; color: rgb(67, 67, 67); text-decoration: underline;\">Bamberg<\/span><\/p>\n<p><span style=\"font-weight: bold;\">&#8211;<\/span> Altstadt Bamberg &#8211; gr\u00f6\u00dfter unversehrt erhaltener historischer Stadtkern in Deutschland &#8211; seit 1993 Weltkulturerbe der UNESCO<\/p>\n<p>&#8211; &#8222;Klein Venedig&#8220; &#8211; die ehemalige Fischersiedlung direkt am \u00f6stlichen Ufer der Regnitz<\/p>\n<p>&#8211; Neue Residenz mit dem Rosengarten &#8211; mit Blick auf den Michaelsberg und \u00fcber die Altstadt<\/p>\n<p>Tipp f\u00fcr Kinder: Stadtf\u00fchrung mit dem SAMS<\/p>\n<p><span style=\"font-weight: bold; font-style: italic; font-size: 16px; text-decoration: underline; color: #434343;\">Rothenburg ob der Tauber<\/span><\/p>\n<p>&#8211; der historische Ort mit dem Turmweg<\/p>\n<p>&#8211; Kriminalmuseum<\/p>\n<p>&#8211; Das Weihnachtsmuseum und das Weihnachtsdorf (das ganze Jahr)<\/p>\n<p><span style=\"font-weight: bold; font-style: italic; font-size: 16px; color: rgb(67, 67, 67); text-decoration: underline;\">Schwimmb\u00e4der &#8211; Freizeitparks &#8211; Tiere &#8211; Minigolf &#8211; Baumwipfelpfad<\/span><\/p>\n<p>&#8211; Minigolf im Nachbarort Sommerach<\/p>\n<p>&#8211; Hallenbad oder Freibad in Volkach<\/p>\n<p>&#8211; &nbsp;Aqua Sole Kitzingen &#8211; Bade- und Saunaparadies<\/p>\n<p>&#8211; Silvana Schweinfurt &#8211; Sport- und Freizeitbad<\/p>\n<p>&#8211; Wildpark an den Eichen in Schweinfurt<\/p>\n<p>&#8211; Tierpark in Sommerhausen<\/p>\n<p>&#8211; Freizeitland Geiselwind<\/p>\n<p>&#8211; Wildpark und Schwimmbad in Bad Mergentheim<\/p>\n<p>&#8211; Baumwipfelpfad Steigerwald in Ebrach<\/p>\n<p>Au\u00dferdem von April bis Oktober viele <span style=\"font-weight: bold; font-style: italic; font-size: 16px; color: #434343;\">Weinfeste und Wein-Veranstaltungen<\/span><span style=\"color: #434343;\"> <\/span>in der n\u00e4heren Umgebung!<\/p>\n<p>Oder besuchen Sie eine der zahlreichen Heckenwirtschaften in unserem Ort und der Umgebung.<\/p>\n<p>Beachten Sie hierzu auch die web-Seiten der Gemeinde Nordheim am Main und der Stadt Volkach.<\/p>\n<\/div>\n<\/div>\n<\/div>\n","protected":false},"excerpt":{"rendered":"<p>Umgebung und Ausflugstipps! Nordheim &#8211; Franken und den Wein entdecken Nordheim ist die gr\u00f6\u00dfte weinbaubetreibende Gemeinde in Franken. Die Verbundenheit des Ortes mit seinen Weinen &hellip;<\/p>\n","protected":false},"author":3,"featured_media":0,"parent":83,"menu_order":8,"comment_status":"closed","ping_status":"closed","template":"","meta":{"footnotes":""},"class_list":["post-85","page","type-page","status-publish","hentry"],"_links":{"self":[{"href":"https:\/\/braunwein.de\/index.php?rest_route=\/wp\/v2\/pages\/85","targetHints":{"allow":["GET"]}}],"collection":[{"href":"https:\/\/braunwein.de\/index.php?rest_route=\/wp\/v2\/pages"}],"about":[{"href":"https:\/\/braunwein.de\/index.php?rest_route=\/wp\/v2\/types\/page"}],"author":[{"embeddable":true,"href":"https:\/\/braunwein.de\/index.php?rest_route=\/wp\/v2\/users\/3"}],"replies":[{"embeddable":true,"href":"https:\/\/braunwein.de\/index.php?rest_route=%2Fwp%2Fv2%2Fcomments&post=85"}],"version-history":[{"count":1,"href":"https:\/\/braunwein.de\/index.php?rest_route=\/wp\/v2\/pages\/85\/revisions"}],"predecessor-version":[{"id":195,"href":"https:\/\/braunwein.de\/index.php?rest_route=\/wp\/v2\/pages\/85\/revisions\/195"}],"up":[{"embeddable":true,"href":"https:\/\/braunwein.de\/index.php?rest_route=\/wp\/v2\/pages\/83"}],"wp:attachment":[{"href":"https:\/\/braunwein.de\/index.php?rest_route=%2Fwp%2Fv2%2Fmedia&parent=85"}],"curies":[{"name":"wp","href":"https:\/\/api.w.org\/{rel}","templated":true}]}}